{"id":7161,"date":"2018-06-21T19:42:44","date_gmt":"2018-06-21T17:42:44","guid":{"rendered":"https:\/\/micajondelenceria.es\/blog\/?page_id=7161"},"modified":"2020-07-11T18:36:36","modified_gmt":"2020-07-11T16:36:36","slug":"calculador-de-tallas","status":"publish","type":"page","link":"https:\/\/micajondelenceria.es\/blog\/calculador-de-tallas\/","title":{"rendered":"Calculador de tallas"},"content":{"rendered":"<p>[vc_row][vc_column][bra_calculator_vc title=\u00bbAverigua tu talla\u00bb sub_title=\u00bbIntroduce tus medidas y el calculador te dir\u00e1 tu talla correcta de sujetador.\u00bb band_title=\u00bbMedir el contorno debajo del pecho\u00bb band_desc=\u00bbQue es lo que nos dar\u00e1 el valor del contorno de nuestro torso y que definir\u00e1 la medida del sujetador, que coincide en cent\u00edmetros con la la primeros n\u00fameros de las prendas. Con el sujetador puesto, mida firmemente alrededor de su caja tor\u00e1cica, justamente por debajo de su pecho\u00bb bust_title=\u00bbMedir el tama\u00f1o del busto\u00bb bust_desc=\u00bbEsta segunda medida corresponde al contorno sobre los senos a la altura de los pezones, con la cual obtenemos otra medida que determina la copa que necesitamos.\u00bb button_title=\u00bbcalcular\u00bb][\/vc_column][\/vc_row]<\/p>\n","protected":false},"excerpt":{"rendered":"<p>[vc_row][vc_column][bra_calculator_vc title=\u00bbAverigua tu talla\u00bb sub_title=\u00bbIntroduce tus medidas y el calculador te dir\u00e1 tu talla correcta de sujetador.\u00bb band_title=\u00bbMedir el contorno debajo del pecho\u00bb band_desc=\u00bbQue es lo que nos dar\u00e1 el valor del contorno de nuestro torso y que definir\u00e1 la medida del sujetador, que coincide en cent\u00edmetros con la la primeros n\u00fameros de las prendas.&hellip; <a class=\"more-link\" href=\"https:\/\/micajondelenceria.es\/blog\/calculador-de-tallas\/\">Seguir leyendo <span class=\"screen-reader-text\">Calculador de tallas<\/span><\/a><\/p>\n","protected":false},"author":2,"featured_media":0,"parent":0,"menu_order":0,"comment_status":"closed","ping_status":"closed","template":"page-full-width.php","meta":[],"_links":{"self":[{"href":"https:\/\/micajondelenceria.es\/blog\/wp-json\/wp\/v2\/pages\/7161"}],"collection":[{"href":"https:\/\/micajondelenceria.es\/blog\/wp-json\/wp\/v2\/pages"}],"about":[{"href":"https:\/\/micajondelenceria.es\/blog\/wp-json\/wp\/v2\/types\/page"}],"author":[{"embeddable":true,"href":"https:\/\/micajondelenceria.es\/blog\/wp-json\/wp\/v2\/users\/2"}],"replies":[{"embeddable":true,"href":"https:\/\/micajondelenceria.es\/blog\/wp-json\/wp\/v2\/comments?post=7161"}],"version-history":[{"count":0,"href":"https:\/\/micajondelenceria.es\/blog\/wp-json\/wp\/v2\/pages\/7161\/revisions"}],"wp:attachment":[{"href":"https:\/\/micajondelenceria.es\/blog\/wp-json\/wp\/v2\/media?parent=7161"}],"curies":[{"name":"wp","href":"https:\/\/api.w.org\/{rel}","templated":true}]}}